{"id":48,"date":"2017-02-13T23:04:40","date_gmt":"2017-02-13T21:04:40","guid":{"rendered":"http:\/\/www.semiootika.ee\/acta\/?page_id=48"},"modified":"2017-02-16T19:40:08","modified_gmt":"2017-02-16T17:40:08","slug":"autorile-ja-retsensendile","status":"publish","type":"page","link":"http:\/\/www.semiootika.ee\/acta\/autorile-ja-retsensendile\/","title":{"rendered":"KAAST\u00d6\u00d6"},"content":{"rendered":"<p>Ajakiri\u00a0<em>Acta Semiotica Estica<\/em>\u00a0on avatud semiootika- ja kultuurianal\u00fc\u00fcsiteemalistele kaast\u00f6\u00f6dele. Huvi korral palume saata artikli l\u00fchitutvustuse ja t\u00e4isteksti toimetuse e-posti aadressil\u00a0e-post: <a href=\"mailto:acta@semiootika.ee\">acta@semiootika.ee<\/a>\u00a0vastavalt ajakirja <a href=\"http:\/\/www.semiootika.ee\/acta\/autorile-ja-retsensendile\/ilmumiskalender\/\">ilmumists\u00fcklile<\/a>.<\/p>\n","protected":false},"excerpt":{"rendered":"<p>Ajakiri\u00a0Acta Semiotica Estica\u00a0on avatud semiootika- ja kultuurianal\u00fc\u00fcsiteemalistele kaast\u00f6\u00f6dele. Huvi korral palume saata artikli l\u00fchitutvustuse ja t\u00e4isteksti toimetuse e-posti aadressil\u00a0e-post: acta@semiootika.ee\u00a0vastavalt &hellip;<\/p>\n","protected":false},"author":1,"featured_media":0,"parent":0,"menu_order":0,"comment_status":"closed","ping_status":"closed","template":"templates\/grid-page.php","meta":{"footnotes":""},"class_list":["post-48","page","type-page","status-publish","hentry"],"_links":{"self":[{"href":"http:\/\/www.semiootika.ee\/acta\/wp-json\/wp\/v2\/pages\/48","targetHints":{"allow":["GET"]}}],"collection":[{"href":"http:\/\/www.semiootika.ee\/acta\/wp-json\/wp\/v2\/pages"}],"about":[{"href":"http:\/\/www.semiootika.ee\/acta\/wp-json\/wp\/v2\/types\/page"}],"author":[{"embeddable":true,"href":"http:\/\/www.semiootika.ee\/acta\/wp-json\/wp\/v2\/users\/1"}],"replies":[{"embeddable":true,"href":"http:\/\/www.semiootika.ee\/acta\/wp-json\/wp\/v2\/comments?post=48"}],"version-history":[{"count":5,"href":"http:\/\/www.semiootika.ee\/acta\/wp-json\/wp\/v2\/pages\/48\/revisions"}],"predecessor-version":[{"id":385,"href":"http:\/\/www.semiootika.ee\/acta\/wp-json\/wp\/v2\/pages\/48\/revisions\/385"}],"wp:attachment":[{"href":"http:\/\/www.semiootika.ee\/acta\/wp-json\/wp\/v2\/media?parent=48"}],"curies":[{"name":"wp","href":"https:\/\/api.w.org\/{rel}","templated":true}]}}